= -w**3 + 3*w - 2. Let q be (2 + 122)/(-4)*-1. Let g = q + -22. Calculate the remainder when m(-3) is divided by g.
7
Suppose 0 = 2*y - 15 - 35. Let q = -20 + 11. Let v(n) = -n + 4. What is the remainder when y is divided by v(q)?
12
Let p(t) = t + 3. Let n be p(0). Suppose n*u + 3 = 24. Calculate the remainder when (-48)/(-18)*(-1 + (-31)/(-4)) is divided by u.
4
Let v(q) = 2*q + 8. Calculate the remainder when 67 is divided by v(5).
13
Suppose -5*f - 5*s + 110 = 0, -f - 3*s + 0 = -14. Let x = f - 11. Calculate the remainder when x is divided by 28/3 - 7/21.
6
Let m be (-1)/(-2) - (-26)/4. Suppose -32 = -4*p + a, 3*a = 3*p - 2*a - m. What is the remainder when p is divided by 5?
4
Suppose -w = 1, w = -4*h + 4*w + 15. What is the remainder when 9/4 + 42/56 is divided by h?
0
Let j = -82 + 35. Let p = j - -82. Calculate the remainder when p is divided by 18.
17
Let c be 1/((-7)/4 + 2). Suppose -c*l + 188 = -4*v, 3*l = -3*v + v + 126. Calculate the remainder when l is divided by 15.
14
Suppose -h + s = -1 - 0, -h - s + 11 = 0. Suppose h = -0*g + 2*g. What is the remainder when ((-16)/(-3))/((-2)/(-3)) is divided by g?
2
Let z = -2 + 5. Suppose -i = 3*c - z*i - 7, 3*c = 4*i + 5. Calculate the remainder when (-42)/(2/(-3)*c) is divided by 6.
3
Let d(k) = 5*k**3 - 2*k - 6 - 2*k**3 - 2*k**3 + 6*k**2. Let u be d(-6). Let r(a) = -a**2 + 7*a - 2. Calculate the remainder when 6 is divided by r(u).
2
Suppose -4*c + 12 - 220 = 0. Suppose -43 = 2*b + 3*o, -4*o + 14 = -2*b - 8. Let r = b - c. Calculate the remainder when r is divided by 12.
11
Let o(t) = t**3 + 10*t**2 + 8*t - 4. Suppose y = -3*y - 36. Calculate the remainder when 13 is divided by o(y).
3
Let j(n) = -n**3 - 4*n**2 + 14*n - 13. What is the remainder when j(-8) is divided by 34?
29
Let c = 97 - 26. Calculate the remainder when c is divided by 15.
11
Suppose -72 + 2 = -5*a. What is the remainder when 55 is divided by a?
13
Suppose j + 1 = -t + 3*j, 3*j + 11 = 4*t. Suppose 2*s = -t*m + m + 102, 3*s = 3*m - 54. What is the remainder when m is divided by 8?
7
Let x(m) = m**2 - 3*m - 4. Suppose 0 = 2*j + 2*h - 13 - 3, 2*h - 36 = -4*j. Let n be (-1)/(2/(0 - j)). What is the remainder when 11 is divided by x(n)?
5
Suppose -5*o = -49 + 39. Calculate the remainder when 5 is divided by o.
1
Let b(l) = -37*l**3 + 0*l + 0*l - 45*l**3. Let h be b(1). What is the remainder when 47 is divided by h/(-5) + 14/(-35)?
15
Suppose -8 = -0*a - 2*a. Suppose 26 = -5*o + 1, -a*o - 8 = t. What is the remainder when 34 is divided by t?
10
Let f = -11 - -60. Calculate the remainder when f is divided by (2/(-4))/((-8)/272).
15
Suppose 0 = 2*o + 4*u + 32, -5*u + 8 = -2*o - 15. Let h = o - -17. Calculate the remainder when h is divided by 1.
0
Calculate the remainder when 86 is divided by (-4)/(-18) + 679/63.
9
Let b = 64 - 32. What is the remainder when b is divided by 18?
14
Let c(w) = w**2 + 11*w - 1. Let z be c(-11). Calculate the remainder when z/(4/184*-2) is divided by 6.
5
Let m = -7 + 3. What is the remainder when (-1820)/(-63) + 4/36 is divided by ((-15)/m)/(1/4)?
14
Let f(r) = -19*r**3 + 2*r**2 - 1. What is the remainder when f(-1) is divided by 11?
9
Let b(h) = -1 + 0 + h**3 + 10*h + 3 - 10*h**2. Calculate the remainder when 32 is divided by b(9).
10
Let r = 6 + -4. Let z(a) = -2 + 4*a**2 + 3 - a - 3*a**r. Calculate the remainder when z(3) is divided by 3.
1
Let b(f) = 23*f + 9. Let h(j) = 24*j + 10. Let v(y) = -7*b(y) + 6*h(y). Suppose -8 + 63 = 5*p. What is the remainder when v(-2) is divided by p?
9
Suppose 5*l - 3*c - c = 115, l = -2*c + 37. What is the remainder when l is divided by 7?
6
Suppose x - 88 = 4*b, 0 = -5*x - 4*b + 2*b + 396. Suppose -2*f - 2*n = -5*f + x, -4*n - 70 = -3*f. Calculate the remainder when f is divided by 8.
6
Let k = -13 - -5. Let x = k + 24. Calculate the remainder when x is divided by 9.
7
Let a = 37 + -133. Calculate the remainder when 2/(-10) + a/(-5) is divided by 7.
5
Let z(p) = 9*p - 22. Calculate the remainder when 113 is divided by z(5).
21
Suppose -4*w + 3*w + 101 = 0. Let a = -58 + w. What is the remainder when a is divided by 11?
10
Let t(f) = 2*f**2 - 4*f + 1. Let h(v) = 2*v**2 - 2*v - 1. Calculate the remainder when t(5) is divided by h(-2).
9
Let j(r) = -r + 8. Calculate the remainder when 13 is divided by j(0).
5
Let g(d) = d**2 + 5. Suppose -11 = 171*i - 172*i. Calculate the remainder when g(-7) is divided by i.
10
Suppose s - a = 29, 3*s + 2*a - 75 = a. Calculate the remainder when s is divided by (1 + -1 + (-6)/(-24))*36.
8
Suppose 6 = 3*h + 4*u - 7, -3*u = 2*h - 8. Calculate the remainder when 34 is divided by h.
6
Let p(l) = -2*l + 11. What is the remainder when p(-5) is divided by 11?
10
Let o(g) = 7*g**3 - g**2 + g - 1. Let j be (2 - (-1 + 3))/1. Suppose -5*r + 1 + 19 = j. What is the remainder when o(1) is divided by r?
2
Suppose 3*y = -y + 4. Calculate the remainder when 3 is divided by y.
0
Suppose -3*a - 1 = -4*t + 17, -t + 5*a = -13. Let u(s) = -4*s - t*s + 4*s + 4*s - 7. What is the remainder when u(10) is divided by 3?
0
Suppose 48 = -3*k + 4*v + 195, 4*k + 3*v = 171. What is the remainder when k is divided by 12?
9
Suppose 13 = 2*b - a - 2, 3*a = 2*b - 9. What is the remainder when b is divided by 5?
4
Let j(f) = -3*f - 8. What is the remainder when j(-7) is divided by (-5)/1 + 1 + 8?
1
Suppose -d + 0*d - 20 = -2*u, 5*d = -u + 32. Calculate the remainder when u is divided by 3.
0
What is the remainder when (-3100)/(-30)*6/4 is divided by 40?
35
Let f(x) = -x - 4. What is the remainder when 30 is divided by f(-12)?
6
Let p be -44*-3*(-3)/12. Let r = -14 - p. Suppose r = 4*c - 41. Calculate the remainder when 43 is divided by c.
13
Let o(l) = -3*l + 4. Suppose -5*w - 114 = -3*r, 0 = r - 4*r - w + 114. Calculate the remainder when r is divided by o(-3).
12
Let w be 3*(1/1)/1. Suppose 10 = -2*u + w*u. Calculate the remainder when 36 is divided by u.
6
Suppose -2*o = 2*o - 160. Let u(h) = -h**3 + 2*h**2 - 2. Calculate the remainder when o is divided by u(-2).
12
Suppose 5*b - 63 = -3*h + 1, 3*b - h - 30 = 0. Let i = 9 + -5. Calculate the remainder when b is divided by i.
3
Let q(v) = -v**3 - 7*v**2 + 7*v + 2. Let h be q(-8). Let i(l) = 17*l + 1. Let y be i(-1). What is the remainder when 15 is divided by (h/(-4))/5*y?
7
Let s(h) = -31*h + 7*h + 3 - 4. Let c be s(-1). Suppose d + 7 = c. What is the remainder when d is divided by 9?
7
Let h = -2 + 5. Suppose -2*p + h*k + 112 = 0, 14 + 141 = 3*p + 2*k. Calculate the remainder when p is divided by 11.
9
Suppose -3*x + 9 = -60. Suppose 10 - 1 = q. Let i = q - -3. What is the remainder when x is divided by i?
11
Suppose 0 = f - 4*f + 3*j + 24, 3*j = 2*f - 19. What is the remainder when 15 is divided by f?
0
Let u be (-528)/11 + (-4)/(-1). Calculate the remainder when 40 is divided by u/(-3) - (-6)/(-9).
12
Suppose y + 4*a = -44, -2*y - 48 = -0*a - 2*a. What is the remainder when (66/24)/((-1)/y) is divided by 20?
17
Suppose x - 3*z - 137 = 0, 5*x + z = 6*z + 685. Suppose -t - 56 = -2*l + t, 5*l - x = 4*t. Calculate the remainder when l is divided by 13.
12
Let r = 51 + 2. Suppose -20 = -3*u + u + 5*m, -5*m = 2*u. Let k(x) = 6*x - 16. What is the remainder when r is divided by k(u)?
11
Let m be 1/((-57)/27 + 2). What is the remainder when 6*9 - m/(-3) is divided by 13?
12
Let v(p) = p**3 - 5*p**2 + 8*p. Calculate the remainder when v(7) is divided by 53.
48
Let l = 27 - 14. Calculate the remainder when 50 is divided by l.
11
Let u(f) = f**3 - 3*f**2 + 2*f + 2. What is the remainder when 4 is divided by u(2)?
0
Let g = -45 + 68. Suppose 0 = -2*c - 0*c + 16. Calculate the remainder when g is divided by c.
7
Suppose 0 = 3*c + 8 - 2. Let s = c + 5. Suppose 0 = 4*a + 5*h - 41, -s*h - 14 = -a - 8*h. What is the remainder when 26 is divided by a?
8
Let l = 0 + 2. Suppose -4*f = l*x - 82, -3*f + 4*x = 2*x - 79. What is the remainder when f is divided by 12?
11
Calculate the remainder when (3*3/9)/(2/22) is divided by 6.
5
What is the remainder when ((-54)/(-21))/(6/308) is divided by 34?
30
Suppose 3*y = -5*s + 80, -3*s - 4*y + 40 + 8 = 0. What is the remainder when -6*((1 - -1) + (-74)/6) is divided by s?
14
Let b(q) = -q + 14. What is the remainder when b(9) is divided by 4?
1
Suppose 5*c + 4*t + 36 = 0, 3*c + c =